Let w be (-33)/(-9) - 3 - (-73)/3. Let t be (-10)/w*5*(-5)/2. Suppose 2*q - 4 = -2*y, -q + 4*y + 7 = -t. What is s(q)?
-13
Let o be 20/(-4) + 20/(6/3). Let l(h) = -h**2 + 10*h + 6. What is l(o)?
31
Let s be (-2 + (-95)/(-60) + 1/6)*12. Let c(p) = 12*p**2 + 35*p - 7. What is c(s)?
-4
Let q(c) = -2*c**2 + 19*c - 40. Suppose -3*y + 7 = -m, 5*y = m + 2*m + 5. Let w be q(m). Let v(a) = a**2 - a + 6. Calculate v(w).
26
Let s(c) = -c**3 + c + 1. Let n = 50 - 108. Let t = 356 - 412. Let q = n - t. What is s(q)?
7
Let u(i) = 13913*i - i**2 - 17 + 24 - 13922*i. Calculate u(-5).
27
Let b(c) be the third derivative of 3 - 2/3*c**3 + 6*c**2 - 1/3*c**4 + 0*c. Calculate b(-3).
20
Let q(u) = -31 + 3 + 17 + 2*u. Suppose -48*o - 112 = -62*o. What is q(o)?
5
Let m(o) = -o**2 - 9*o + 9. Let n(i) = -16*i + 1031. Let r be n(65). Determine m(r).
9
Let z(j) = j**3 + 13*j**2 + 69*j + 52. Let u(p) = 5*p**3 + 50*p**2 + 282*p + 207. Let h(l) = -2*u(l) + 9*z(l). Calculate h(20).
-6
Let r(t) be the first derivative of -12*t**2 - 70*t + 537. What is r(-3)?
2
Let d(p) be the third derivative of -19*p**4/24 - 2*p**3 + 38*p**2. Let z be d(-8). Let g(y) = -z*y - 141*y + 414*y - 140*y - 2. Give g(-3).
19
Let c(r) = -r**2 - r + 2. Let t(j) = 3*j - 1 + 7 - 5*j + 6. Let a = -30 - -36. Let h be t(a). Give c(h).
2
Let b(k) = 5*k + k - 1 + k - 38. Suppose -76*x + 70*x = -36. Give b(x).
3
Let m be -4*483/46 + 23. Let o(g) = -g**3 - 19*g**2 + 2. Calculate o(m).
2
Let d = -76 + 132. Let o = 55 - d. Let a(q) = q**3 - q. Let k(u) = 7*u**3 - 3*u**2 - 3*u - 2. Let h(i) = o*k(i) + 6*a(i). Determine h(3).
-7
Let t be (-29 + -5)/(-10*7/(-35)). Let x(v) = 0*v**2 + 23*v - 6*v + 4 + v**2. Let n be x(t). Let l(k) = k**3 - 5*k**2 + 5*k. Give l(n).
4
Let l(z) = 7*z + 24. Let a = -25045 + 25042. Give l(a).
3
Suppose 5*p - 2*j - 39 = 4*p, -2*p = -2*j - 84. Suppose -i + p = 2*i. Let r(m) = 25 - 26 - i*m + 15*m + m**2 + 4*m**3. Give r(1).
4
Let g(y) be the second derivative of y**3/2 + y**2 + 100*y + 4. Suppose -2*p - 8 = 2. Determine g(p).
-13
Let h(k) = k**3 + 6*k**2 + 2*k. Let d(l) = -10*l + 6 + 2*l**3 + l**2 - 14*l + 13*l. Let o be d(-3). Determine h(o).
-12
Let x(y) = 10*y + 7. Let r(f) be the third derivative of -5*f**4/24 - 2*f**3/3 - 15*f**2 + 3*f. Let t(p) = -5*r(p) - 3*x(p). Let a = -7 - -4. Determine t(a).
14
Let c be ((-60)/6)/(-14 + (4 - -9)). Let k(t) = t**3 - 9*t**2 + 2*t - 12. Determine k(c).
108
Let t = 717 - 700. Suppose -3*l - t = 5*a - 7*l, -5*l + 11 = 4*a. Let f(o) be the first derivative of o**2 + o + 1. Calculate f(a).
-1
Let i(l) be the first derivative of l**7/840 - l**6/30 + l**5/10 - 5*l**4/24 - 28*l**3/3 + l**2 + 120. Let s(v) be the third derivative of i(v). Give s(11).
6
Let s(j) = j**2 - 25*j + 72. Let c be 106/34 - 12/102. Calculate s(c).
6
Suppose -u + 13 = -4*m, 0 = -5*m + 2*u + u - 25. Let n(v) = 6*v - 5. Let g(j) = 47*j - 36. Let i(f) = 2*g(f) - 15*n(f). What is i(m)?
-5
Let q(d) be the third derivative of -7*d**4/8 + d**3 + 3*d**2 + 302*d. Calculate q(1).
-15
Let u(t) = -t**2 - 26*t - 157. Suppose 4*f + 78 = -5*f - k, f - 3*k + 18 = 0. Calculate u(f).
-4
Let b = -9 + 7. Let s(y) be the second derivative of 0 - 5/6*y**3 + 1/2*y**2 + 4*y. Determine s(b).
11
Let q(s) = 23*s**3 - 7*s**2 + 73*s - 24*s**3 + 37 - 59*s. Give q(-8).
-11
Let z(u) = -2*u**3 + 11*u**2 - 1. Let h(t) = -11*t**3 + 74*t**2 - 21*t + 33. Let b(k) = -h(k) + 5*z(k). Calculate b(18).
16
Let t(l) = 21*l**2 + 15*l - 22. Let g(x) = -4*x**2 + 1. Let q(w) = -5*g(w) - t(w). What is q(-15)?
17
Let c(o) = -2*o**3 - 3*o**2 - 2*o. Let h(d) = d**2 - 25*d + 82. Suppose 4*q - 5*t + 9 = 0, -6*t = 3*q - 4*t - 22. Let w be h(q). Calculate c(w).
8
Let x(m) = -5*m - 19. Let j(f) = 39*f + 156. Let w be 0 + (10 - 6) - 0. Let a(t) = w*j(t) + 33*x(t). Give a(-4).
33
Let y(b) be the second derivative of 0 + 7*b - 2*b**2 - 2/3*b**3. Let u = -3329 - -3333. Give y(u).
-20
Suppose -3*o + 4*n = -7*o + 24, 2*n + 6 = 4*o. Let q(j) = 6 + 9 - 1 - o*j - 8. Determine q(5).
-9
Let m(z) = -1 - 195 - 196 - z + 393. What is m(12)?
-11
Let g(x) = -9*x**3 - 25*x**3 - x - 4*x**2 + 10 - 1 + 33*x**3 + 4*x. Calculate g(-5).
19
Let y(g) be the second derivative of -g**3/6 - g**2/2 - 18*g + 1. Suppose -1 - 25 = c + b, -3*b = 5*c + 122. Let u be (-30)/10 + c/(-2). What is y(u)?
-9
Let h(m) = -2*m + 10. Let l be (-42)/(-7) + 5 + 1. Let p(a) = 9*a - 103. Let k be p(l). Determine h(k).
0
Let y(a) = 19 + 8 - 3 - 5*a + 28 + 18. Calculate y(15).
-5
Let d(t) be the second derivative of -5*t**4/12 + 43*t**3/6 + 69*t**2/2 + 16*t + 17. What is d(10)?
-1
Let k(l) = -308*l - 306*l + 616*l + 3. What is k(5)?
13
Let y be (12 + -11)/(3*(-1)/18). Let i(s) = 8*s - 13. Calculate i(y).
-61
Let i(j) = 3*j + 2. Let q = -118 + 139. Suppose l = 4*l + 3*g + q, 6 = 2*l - 2*g. Calculate i(l).
-4
Suppose 88*v + 2 = 2*b + 90*v, 5*v = -4*b + 9. Let o(l) = -27*l - 113. Calculate o(b).
-5
Let z(l) = l**2 + 7*l + 10. Suppose 94*p - 101*p + 28 = 0. Suppose p*t + 0*t - 2*s + 32 = 0, 0 = 4*t + 5*s + 4. Determine z(t).
4
Suppose -858*x + 857*x = -4. Let l(p) = 5*p**2 - x*p**2 - 194*p + 191*p + 9 - 16. Suppose 12 = 5*u - 13. Give l(u).
3
Suppose -180*v = -185*v + 4*l - 17, 5 = v - 5*l. Let u(n) = -n - 1. Let c(s) = 5*s. Let x(i) = 2*c(i) + 6*u(i). Give x(v).
-26
Let i(l) = -11*l + 80. Let y be i(7). Let w(j) = -88*j + 6*j**3 + 3*j**y - 4*j**3 + 87*j + 2*j**2. Calculate w(1).
6
Let m(y) be the third derivative of -y**5/20 + 9*y**4/4 - 2*y**3/3 + 4530*y**2. Give m(18).
-4
Let t(x) = x**3 - 8*x**2 + 9*x - 2. Suppose -2*z = 2*w - 11 + 7, 3*w + 1 = -2*z. Give t(z).
12
Let j(v) = -v**3 + 30*v**2 + 62*v + 49. Let o = 19544 + -19512. Calculate j(o).
-15
Let d(a) = 3*a + 3*a - 69*a**2 + 600*a**2 - 532*a**2 - 9. Determine d(9).
-36
Let y(c) = -c**2 + 4*c - 3. Let n(t) = t**3 + 11*t**2 + 13*t + 33. Let k be n(-10). Suppose 15 = 5*a, -k*b - 17 = -a + 4. Let v be b*1*(0 - -2)/(-6). Give y(v).
1
Let t(k) be the first derivative of 2/5*k**5 + 0*k**2 + 1/12*k**4 + 21 - 22*k + 0*k**3. Let b(d) be the first derivative of t(d). Give b(1).
9
Let r(k) be the third derivative of k**5/60 + 3*k**4/8 + 5*k**3/6 + 21*k**2 + 26*k. Give r(-12).
41
Let i(o) = o**2 - o + 4. Let n(v) = 6*v**2 - 7*v + 17. Let l(c) = -5*i(c) + n(c). Suppose -50*z + 36 = -46*z. Suppose z = 5*d + 24. Calculate l(d).
12
Let t = -1 + 5. Let k(r) = 0 + 6 - 5*r + t - 4. Let i(z) = 19*z + 251. Let y be i(-13). Give k(y).
-14
Let a be (2 - (31 - -1)/4) + 8. Let d(x) = 6*x - 1. Let l be d(1). Let v(w) = 6*w + 0*w + 7 + w**a + l*w - 2*w. What is v(-6)?
-11
Let v = 452 - 679. Let k = v + 212. Let j(t) = 2*t + 37. What is j(k)?
7
Let w(g) = -g - 1. Suppose -4*s = 2*n + 1210, 2*s - 903 = 5*s + 3*n. Let r = -307 - s. Give w(r).
2
Let u be 63/(-420) + 2214/360. Let o(a) = 7*a - 9*a + 12 + 7*a**2 - a**3 - 8*a. Determine o(u).
-12
Let y(q) = -2*q**3 - 3*q**2 + 3*q - 2. Let m be y(1). Let k(j) = 19*j + 10. Give k(m).
-66
Let o(v) be the third derivative of 2*v**2 - 1/24*v**4 + 0*v + 0 - v**3. Suppose -4*c + 10 = -5*i - 8*c, -i - 21 = -3*c. Determine o(i).
0
Let p(l) = -1604*l**2 + l**3 - 1627*l**2 - 22*l - 39 + 7 + 3250*l**2. Calculate p(-20).
8
Let f(v) = v**3 + 3*v**2. Let d(o) = 92*o - 280. Let g be d(3). Give f(g).
-16
Suppose -4*u - 28 = -2*n, n - 2*u = 3*u + 14. Suppose 16*f + n = 30*f. Let h(q) = -25*q**2 + 2*q - 1. Determine h(f).
-24
Let o(c) = -3*c**3 - 10*c**2 - 10*c + 5. Let w(s) = -9*s + s**3 + 6 - 3*s**3 - 9*s**2 - 2. Let t(p) = 3*o(p) - 4*w(p). Determine t(7).
-8
Let d(m) = 13*m - 140. Let k(y) = 483*y - 5175. Let i(r) = -184*d(r) + 5*k(r). Give i(5).
0
Let l(g) be the second derivative of 2 - g - 5/6*g**3 + 3*g**2 + 1/12*g**4. Determine l(3).
0
Let m(y) = 14 - 5 + 527*y - 525*y + 63. What is m(-29)?
14
Let b be (-4832)/144 - 20/45. Let g(n) = n**2 + 32*n - 71. Calculate g(b).
-3
Let f = -4 - -6. Let w(i) = 3*i - 4*i + f*i. Let p(c) = -c**2 - 48*c - 42. Let g be p(-47). Calculate w(g).
5
Let t(p) = 69*p - 32. Let m(j) = 25*j - 10. Let x(h) = -17*m(h) + 6*t(h). Determine x(-4).
22
Let g(k) be the second derivative of -1/2*k**3 - 25*k + 0*k**2 - 1/360*k**6 + 1/60*k**5 + 1/8*k**4 + 0. Let w(z) be the second derivative of g(z). Give w(-2).
-5
Suppose -66*j - 548 + 86 = 0. Let u(o) be the first derivative of -3*o**2/2 - 10*o + 2. Calculate